nvert 101101010 (base 2) to base 10.
362
-85c2 (base 15) to base 2
-110111010010011
What is -178 (base 12) in base 7?
-455
-166b (base 14) to base 2
-111110101111
240 (base 15) to base 4
13332
-5a4 (base 11) to base 6
-3155
What is -b80 (base 13) in base 2?
-11110101011
-21201022 (base 3) to base 14
-209a
10100110101001 (base 2) to base 4
2212221
Convert 389 (base 11) to base 7.
1225
What is -115022 (base 7) in base 3?
-1001201112
What is -2797 (base 16) in base 5?
-311020
Convert -1221203 (base 4) to base 2.
-1101001100011
Convert 4ad4 (base 15) to base 4.
3321031
Convert -11227 (base 8) to base 10.
-4759
Convert 451230 (base 6) to base 15.
b360
What is -11011001011 (base 2) in base 9?
-2342
What is 41b (base 12) in base 13?
371
What is -1345 (base 7) in base 5?
-4043
-20434 (base 8) to base 3
-102121221
Convert -4337 (base 11) to base 9.
-7763
-277 (base 9) to base 10
-232
What is -1d1 (base 15) in base 16?
-1a5
Convert 294 (base 12) to base 16.
190
What is 10202 (base 3) in base 4?
1211
Convert 467 (base 10) to base 3.
122022
Convert -13d (base 14) to base 7.
-506
-111100111010 (base 2) to base 10
-3898
3887 (base 9) to base 12
182a
Convert -4052 (base 9) to base 2.
-101110010011
Convert -54a (base 13) to base 11.
-755
Convert -1600 (base 9) to base 8.
-2277
Convert 1364 (base 7) to base 11.
448
Convert 6675 (base 8) to base 7.
13153
What is -357 (base 10) in base 16?
-165
Convert 94e (base 16) to base 13.
1113
What is -554 (base 11) in base 5?
-10124
What is -30022 (base 6) in base 11?
-2a28
Convert -10510 (base 6) to base 13.
-8a0
246 (base 14) to base 10
454
What is -20440 (base 5) in base 6?
-10202
-13394 (base 10) to base 13
-6134
What is 438 (base 11) in base 16?
20d
Convert -101010101010 (base 2) to base 3.
-10202010
4154 (base 10) to base 3
12200212
Convert -419 (base 10) to base 11.
-351
-d67 (base 15) to base 12
-18ba
Convert 344404 (base 5) to base 12.
727b
What is -220120001 (base 3) in base 12?
-a43a
Convert -1629 (base 12) to base 6.
-20053
1079 (base 13) to base 6
14345
What is 1110111101010 (base 2) in base 4?
1313222
What is 1057 (base 8) in base 10?
559
7c7c (base 15) to base 3
1100021100
Convert -2714 (base 8) to base 6.
-10512
Convert 218 (base 13) to base 14.
1b9
What is -6903 (base 12) in base 2?
-10110110010011
What is -15310 (base 9) in base 4?
-2203122
What is 121512 (base 6) in base 4?
2220110
Convert 169a (base 13) to base 6.
23242
-601b (base 13) to base 7
-53334
What is -13b47 (base 12) in base 16?
-6ba7
-131 (base 5) to base 4
-221
233 (base 8) to base 9
182
What is -4674 (base 10) in base 3?
-20102010
10200310 (base 5) to base 15
1a055
-14767 (base 11) to base 7
-114614
What is -958 (base 13) in base 5?
-22334
What is 11102 (base 5) in base 8?
1411
-279a (base 14) to base 9
-10533
Convert -212432 (base 5) to base 15.
-222c
Convert -2372 (base 11) to base 15.
-dbe
What is -3546 (base 10) in base 13?
-17ca
Convert 100000000101000 (base 2) to base 6.
204012
Convert -2346 (base 9) to base 11.
-1345
-18087 (base 9) to base 2
-11000010111000
Convert 2100010021 (base 3) to base 4.
23032333
Convert 223 (base 13) to base 4.
11233
What is 62a (base 13) in base 16?
41a
13112 (base 4) to base 9
572
What is 202 (base 15) in base 16?
1c4
35500 (base 11) to base 6
1032543
-4a5 (base 11) to base 7
-1514
Convert -3ac0 (base 15) to base 9.
-18200
36767 (base 8) to base 6
201235
Convert 201221102 (base 3) to base 14.
5425
What is -133301 (base 5) in base 11?
-4106
What is 55a5 (base 15) in base 9?
26812
Convert -1103223 (base 4) to base 6.
-40443
What is -c62 (base 16) in base 5?
-100140
Convert 4d7a (base 14) to base 6.
143040
-2031010 (base 5) to base 14
-c195
What is -11380 (base 9) in base 5?
-220410
What is -2164 (base 8) in base 13?
-699
Convert a1a1 (base 13) to base 3.
1010112211
What is -11132 (base 4) in base 10?
-350
What is -10011010111100 (base 2) in base 15?
-2e11
10121222 (base 3) to base 10
2645
155a0 (base 13) to base 16
9e49
What is -10100110110001 (base 2) in base 14?
-3c65
Convert -1d4 (base 14) to base 15.
-1a7
Convert 21220121 (base 4) to base 15.
ba4e
Convert 20 (base 5) to base 10.
10
Convert 1642 (base 7) to base 16.
29b
19 (base 13) to base 15
17
Convert -364 (base 10) to base 13.
-220
Convert -26421 (base 8) to base 13.
-5336
What is 104412 (base 6) in base 15?
2912
What is 2321 (base 7) in base 8?
1520
Convert 200211 (base 3) to base 6.
2204
211320 (base 4) to base 13
1146
5313 (base 11) to base 9
10573
6b1 (base 16) to base 2
11010110001
-61 (base 9) to base 3
-2001
-51cc (base 13) to base 8
-26072
What is -2b (base 13) in base 12?
-31
What is -33e6 (base 15) in base 7?
-44055
What is -13252 (base 6) in base 8?
-4000
What is 3a0 (base 12) in base 6?
2320
What is 1011111110 (base 2) in base 3?
1001101
What is 21741 (base 8) in base 10?
9185
-114250 (base 7) to base 13
-9574
Convert 2521 (base 7) to base 12.
66a
301123 (base 5) to base 10
9538
What is -72 (base 12) in base 13?
-68
-530 (base 11) to base 5
-10023
Convert 105062 (base 7) to base 3.
221110122
Convert 366 (base 8) to base 15.
116
What is 1112 (base 5) in base 2?
10011101
2546 (base 7) to base 8
1705
Convert -4243 (base 5) to base 9.
-706
-603 (base 8) to base 12
-283
Convert -101001001101 (base 2) to base 7.
-10455
Convert 1015 (base 11) to base 4.
111003
Convert -287 (base 12) to base 16.
-187
What is -34112 (base 6) in base 7?
-16661
What is 1131002 (base 4) in base 5?
142304
What is 1aa (base 14) in base 16?
15a
-11056 (base 8) to base 6
-33314
What is -5635 (base 16) in base 2?
-101011000110101
-6488 (base 13) to base 3
-201011102
Convert -333132 (base 4) to base 12.
-2426
Convert -1552c (base 15) to base 5.
-4144132
-204343 (base 5) to base 3
-100101122
What is 192c8 (base 13) in base 6?
1014032
Convert -11010100000 (base 2) to base 16.
-6a0
-415 (base 8) to base 10
-269
What is -443133 (base 6) in base 13?
-13ab8
50 (base 12) to base 4
330
-7a0 (base 15) to base 13
-a29
Convert -10314 (base 6) to base 5.
-21124
Convert 247 (base 16) to base 13.
35b
-1627 (base 8) to base 10
-919
Convert 1458 (base 11) to base 14.
982
Convert 1120320 (base 4) to base 5.
140223
1551 (base 6) to base 10
427
b3a (base 12) to base 7
4516
What is 173 (base 10) in base 15?
b8
Convert -12de (base 15) to base 8.
-7702
10101000101 (base 2) to base 10
1349
What is 1400 (base 8) in base 2?
1100000000
Convert -3021 (base 7) to base 8.
-2024
What is 1121011 (base 4) in base 11?
4313
Convert -2013300 (base 4) to base 8.
-20760
What is -1a0d (base 14) in base 11?
-35a9
-6a65 (base 15) to base 12
-110ab
-188 (base 10) to base 9
-228
-40100 (base 9) to base 11
-18862
Convert -10111000100011 (base 2) to base 10.
-11811
What is 35a2 (base 11) in base 2?
1001001100110
What is 784 (base 11) in base 6?
4203
103 (base 10) to base 2
1100111
-100000100011 (base 2) to base 12
-1257
What is -11c5 (base 13) in base 6?
-15411
a75 (base 11) to base 14
684
What is -14350 (base 7) in base 13?
-1a53
-11623 (base 13) to base 3
-1121121211
12221101 (base 3) to base 2
1000011101010
15304 (base 6) to base 9
3364
Convert 23b (base 13) to base 5.
3023
-22233020 (base 4) to base 7
-242132
What is -127a (base 13) in base 6?
-20112
What is 4678 (base 12) in base 4?
1322330
What is -39 (base 14) in base 11?
-47
What is -2e28 (base 16) in base 10?
-11816
Convert 100202020 (base 3) to base 13.
3309
What is -23210110 (base 4) in base 15?
-e08a
What is 108d (base 15) in base 2?
110110110100
251332 (base 6) to base 4
11131220
Convert -12770 (base 8) to base 9.
-7638
-440 (base 5) to base 7
-231
Convert 30 (base 16) to base 4.
300
What is 1322 (base 13) in base 3?
10202012
Convert -12587 (base 9) to base 15.
-27bd
Convert -23113 (base 4) to base 7.
-2056
What is -3644 (base 7) in base 15?
-605
-20 (base 12) to base 5
-44
What is 141723 (base 8) in base 6?
1024031
-26247 (base 8) to base 3
-120200101
Convert 10004 (base 5) to base 11.
522
What is 12202331 (base 4) in base 8?
64275
What is 111001001010 (base 2) in base 7?
13444
-46150 (base 7) to base 2
-10110111100010
Convert -3e2 (base 15) to base 5.
-12022
13312 (base 5) to base 2
10000111010
What is -b8 (base 13) in base 2?
-10010111
Convert 50411 (base 8) to base 13.
959a
441 (base 7) to base 13
144
What is 32422 (base 8) in base 9?
20565
-c